uppose -4*r = 2*y - 988, j*r - 5*y = 476 + 265. What are the prime factors of r?
13, 19
Let g = -654 + 189. Let y = 876 + g. List the prime factors of y.
3, 137
Let z(h) be the second derivative of h**5/20 - 2*h**4/3 + 7*h**3/3 - 11*h**2/2 - 21*h. Let n be z(6). Let c = 247 + n. What are the prime factors of c?
2, 31
What are the prime factors of (-36)/16 - (-2524302)/152?
3, 5, 41
Suppose 43*c - 13527 - 36998 = 0. What are the prime factors of c?
5, 47
Let h be 0*-3*(-4)/(-36). Let m(z) = z**3 + z**2 + z - 72. Let u be m(h). What are the prime factors of ((-9)/6)/(4/u)?
3
Let p(m) = -3*m**3 + 17*m**2 + 23*m + 659. Let r(z) = -z**3 + 6*z**2 + 8*z + 220. Let s(t) = 4*p(t) - 11*r(t). What are the prime factors of s(0)?
2, 3
Let m be 7 + -4 - 0 - -338. Suppose -3*j + m = -355. Let i = j + -153. What are the prime factors of i?
79
Let h(x) = 56*x**2 + 11*x - 47. Let c(b) = 6*b + 124. Let q be c(-20). What are the prime factors of h(q)?
19, 47
Let t = 12836 + 8982. What are the prime factors of t?
2, 10909
Let f(w) = -w**3 + 4*w**2 + 7. Let m be f(5). Let t = -18 - m. Suppose 2*x + 3*x - 725 = t. What are the prime factors of x?
5, 29
List the prime factors of ((-15)/20)/((-6)/37864).
4733
Suppose 10344989 = 437*m + 678112. What are the prime factors of m?
11, 2011
What are the prime factors of (-105)/(-6)*(-12)/(-21) + 26120?
2, 3, 5, 13, 67
Let o(w) = -7*w - 33. Let s(c) = -c + 1. Let v(l) = -o(l) + 6*s(l). Suppose -4*g - 53 = 3. List the prime factors of v(g).
5
Let o(w) = w**2 + w - 1. Let c(s) = -2*s**2 - 219. Let a(r) = -c(r) - o(r). What are the prime factors of a(0)?
2, 5, 11
Let d be (174/4 - 4)*60. List the prime factors of 3*d/18*1.
5, 79
Let r be (-25)/(-5) + -94 + -3. Let c be r/(-28) - (-12)/(-42). Suppose -f - f = 4*t - 150, -c*t + 4*f + 96 = 0. List the prime factors of t.
2, 3
Suppose -11*r - 42 = -10*r. Let m = r + 203. What are the prime factors of m?
7, 23
List the prime factors of 13288 - (-1 + 0)/(9/63).
5, 2659
Let o(c) = 9*c + 74. Let f be o(-7). What are the prime factors of 32/176 + 2770/f?
2, 3, 7
Suppose -7 + 17 = z. Suppose z*n - 6*n = 396. What are the prime factors of (-166)/(-18) - 22/n?
3
Let i(h) = 35*h + 130 - 82 + 110. What are the prime factors of i(9)?
11, 43
Let z = -11917 - -17408. What are the prime factors of z?
17, 19
Let w(j) = -8*j + 48. Let x be w(6). Suppose x = 3*k - 1388 - 1165. List the prime factors of k.
23, 37
Suppose -5*c + 2400 = 2*q + 574, -5*q - 1441 = -4*c. Let b(a) = -2*a**2 - 9*a - 8. Let n be b(6). Let y = c + n. List the prime factors of y.
2, 5, 23
What are the prime factors of -2083*5/(-5)*(-5 - -7)?
2, 2083
Let w = -7915 - -13535. Suppose -2*n - 3*n - 3*s = -w, -5*s = -4*n + 4459. List the prime factors of n.
19, 59
Suppose 57*l - 34402 = 824. List the prime factors of l.
2, 3, 103
Let m(w) be the first derivative of w**2/2 + 21*w + 6. Let u be m(-18). Suppose -u*l = -41 - 103. List the prime factors of l.
2, 3
Suppose -5*o = 5*q - 104405, -58*q + 57*q - 3*o + 20877 = 0. List the prime factors of q.
3, 6961
Suppose -236*k = -244*k + 47712. What are the prime factors of k?
2, 3, 7, 71
Let w(i) = -11*i**2 + 6*i - 25. Let h be w(3). Let m = 150 + h. What are the prime factors of m?
2, 11
Suppose -3*k + 12 = k. Suppose 0 = -7*u - 11 + 25. Suppose -s + 61 = -u*p, k*p - 37 = -s - p. What are the prime factors of s?
53
Let o be -5 + 6 - (-1 + 72). Let i = -886 - -874. Let y = i - o. List the prime factors of y.
2, 29
Let t(c) = -c**2 - 22*c - 6. Let m be 6/9 - (-82)/(-6) - -2. Let h be t(m). Suppose v = -x + h, 4 + 11 = -3*v. List the prime factors of x.
2, 3, 5
Let v(c) = -4*c + 23. Let y be v(7). What are the prime factors of -4 + ((-2103)/y - (-62)/155)?
3, 139
Let c be ((-378)/162)/((-21)/27). Let a(x) = -2*x. Let d be a(-5). Suppose c*r - w = -d + 114, -4*w = 8. List the prime factors of r.
2, 17
Let k be ((-6)/(-8) - 11188/(-16)) + 3. Let h = 1301 - k. What are the prime factors of h?
2, 13, 23
Let g = -202 + 194. What are the prime factors of (-5578)/g + 33/(-132)?
17, 41
Let s(r) = 10*r - 217. Let x be s(22). Suppose -6*z + 4*u = -x*z - 991, -z - 3*u = -326. What are the prime factors of z?
7, 47
Suppose -618 = -j - 2*f, -5*j = -13*f + 309 - 3192. List the prime factors of j.
2, 3, 5
Let l(n) = 5*n**2 + 11*n - 6. Let t(d) = 11*d**2 + 22*d - 13. Let k(y) = 13*l(y) - 6*t(y). Let j be k(11). What are the prime factors of 40 - j*((-12)/8 - -1)?
2, 5
Suppose 1401 = 3*k - 3*f, 3*k + 4*f - 1399 = 5*f. Let u = 711 - k. What are the prime factors of u?
5, 7
Suppose -30 = -5*t - 5. Suppose t*n - 22 - 3 = 0. Suppose -n*q = -4*q - 192. What are the prime factors of q?
2, 3
List the prime factors of -17 + -7 + -4 + 7002.
2, 11, 317
Let z(l) = l**3 - 28*l**2 + 37*l + 44. Let h be z(41). Suppose -14*m + h - 916 = 0. List the prime factors of m.
1607
Suppose -r - 25 = 4*r - 5*h, 10 = -2*r - 2*h. List the prime factors of 2 - (r/5 - 249).
2, 3, 7
Let d = -66 + 68. Suppose -d*u + 235 + 21 = 0. Suppose u = r + 7. List the prime factors of r.
11
List the prime factors of 64/(-160) - 2/(-10)*272182.
2, 31, 439
Let u = 6732 + -622. What are the prime factors of u?
2, 5, 13, 47
Let a = -7095 - -11892. List the prime factors of a.
3, 13, 41
Let f(k) = -67*k**3 - k - 1. Let x(t) = 6*t**2 - 2 + 3*t + 1 - 5*t**2. Let u be x(0). What are the prime factors of f(u)?
67
What are the prime factors of 7/((-28)/53876)*(-3 + 2)?
13469
Let a(l) = 6*l**2 + 53*l - 144. List the prime factors of a(32).
2, 13, 37
Let l(z) = -2 + z + z - z. Let g be l(5). Suppose o - 213 = -g*b - 2*o, 4*b - 4*o - 284 = 0. What are the prime factors of b?
71
Suppose -16*i - 5 = -1637. Let v = i + -95. What are the prime factors of v?
7
Suppose 5*d + 16 = 13*d. Suppose 788 = d*p - u, 0 = 5*p - 4*u + 2*u - 1970. What are the prime factors of p?
2, 197
Suppose -5*c - 5 = 20. Let w be (c - -3)*(-1 + (-22)/4). Suppose 11*a = w*a - 186. List the prime factors of a.
3, 31
Let v be (5 + (-45)/(-10))*(1 - -1). Let a(l) = -6 + 15 - 220*l + v + 229*l. What are the prime factors of a(13)?
5, 29
Let c(i) = -i**2 - 16*i - 7. Suppose -5*x - 82 + 22 = 0. Let f = x - -4. What are the prime factors of c(f)?
3, 19
Suppose -1191*l - 17413 = -1202*l. List the prime factors of l.
1583
Let s(j) = 2*j + 44. Let h be s(-17). List the prime factors of 320600/210*12/h.
2, 229
Let y be -1 + ((-49)/(-28) - 6/8). Suppose -11*o + 20*o - 3402 = y. List the prime factors of o.
2, 3, 7
Suppose 81040 = 14*b + 23220. What are the prime factors of b?
2, 5, 7, 59
Suppose 7*v - 8*v = -12. What are the prime factors of 3 + 1981/4 - 3/v?
2, 3, 83
Suppose 30206 + 271885 + 4579 = 14*w. What are the prime factors of w?
5, 13, 337
Let m(h) = -h**2 + 3*h + 8. Let f be m(4). Let c(o) = 9*o**3 + 6*o**2 + 16*o - 72. What are the prime factors of c(f)?
2, 83
Suppose -205*c - 43*c + 1396494 = -2128826. What are the prime factors of c?
5, 2843
Let u(t) = t + 21. Let q be u(-11). Let w = q + -6. Suppose x + w*d - 153 - 19 = 0, 5*d = -5. What are the prime factors of x?
2, 11
Let d = 2138 + 1327. Suppose -2*b + h + 2*h + 1733 = 0, 4*b - 5*h = d. What are the prime factors of b?
5, 173
Let a(h) = 9*h**2 + 115*h - 1670. List the prime factors of a(14).
2, 3, 71
Suppose 0 = 15*h - 19*h - 1340. Let u = -9 - h. List the prime factors of u.
2, 163
Let m(z) = -2*z**2 - 66*z - 36. Suppose -a + 5*a - 2*c + 110 = 0, 3*a - c + 85 = 0. List the prime factors of m(a).
2, 3
List the prime factors of 16 + 1944916/133 + 3/(-7).
14639
Suppose -3*k + 17418 + 7065 = 0. What are the prime factors of k?
8161
Let a(p) = -41*p + 17*p - 174363 + 174372. Suppose 4*s + 11 = 5*m - 21, -3*s = 2*m + 1. What are the prime factors of a(s)?
3
Suppose 103*r - 1192707 - 659851 = 0. What are the prime factors of r?
2, 17, 23
Suppose -113 - 97 = -42*c. Let j(i) = 7*i**3 - 29*i - 8. List the prime factors of j(c).
2, 19
Suppose 12*v + 15 = -81. List the prime factors of (v/14)/(4/(-6482)).
2, 463
Suppose -35*s + 37*s = -56. Let n be (-2876)/s + (-2)/(-7). Let a = n - 71. What are the prime factors of a?
2
Suppose 657*l = 595*l + 1812818. List the prime factors of l.
7, 4177
Let q(o) = 30*o - 164. Let h be q(5). What are the prime factors of (h/5)/((-6)/4770*3)?
2, 7, 53
Suppose 10*n = 17*n - 854. Suppose 5*r + 5*s = n + 583, 